{"id":21425,"date":"2024-11-30T11:21:12","date_gmt":"2024-11-30T14:21:12","guid":{"rendered":"https:\/\/directoriocoihueco.cl\/starclick.prueba.cl\/?page_id=21425"},"modified":"2025-12-11T17:03:43","modified_gmt":"2025-12-11T20:03:43","slug":"contacto","status":"publish","type":"page","link":"https:\/\/sitioprueba3.starclick.cl\/index.php\/contacto\/","title":{"rendered":"Contacto"},"content":{"rendered":"<section class=\"l-section wpb_row us_custom_815c1c57 height_large\"><div class=\"l-section-overlay\" style=\"background:linear-gradient(166deg, #003A8D 0%, #0868C9 100%)\"><\/div><div class=\"l-section-h i-cf\"><div class=\"g-cols vc_row via_flex valign_top type_default stacking_default\"><div class=\"vc_col-sm-12 wpb_column vc_column_container\"><div class=\"vc_column-inner\"><div class=\"wpb_wrapper\"><h6 class=\"w-text us_custom_d44d8758 h4titulohome has_text_color\"><span class=\"w-text-h\"><span class=\"w-text-value\">Nuestro equipo de expertos en HIDROKAM est\u00e1 aqu\u00ed para brindarte una experiencia \u00fanica y personalizada.<\/span><\/span><\/h6><h3 class=\"w-text us_custom_5c250bc9 h4titulohome has_text_color\"><span class=\"w-text-h\"><span class=\"w-text-value\">Puedes comunicarte con nosotros de diversas maneras:<\/span><\/span><\/h3><\/div><\/div><\/div><\/div><\/div><\/section><section class=\"l-section wpb_row height_large\"><div class=\"l-section-h i-cf\"><div class=\"g-cols vc_row via_flex valign_top type_default stacking_default\"><div class=\"vc_col-sm-12 wpb_column vc_column_container\"><div class=\"vc_column-inner\"><div class=\"wpb_wrapper\"><div class=\"g-cols wpb_row via_flex valign_top type_default stacking_default\"><div class=\"vc_col-sm-4 wpb_column vc_column_container\"><div class=\"vc_column-inner\"><div class=\"wpb_wrapper\"><div class=\"w-iconbox us_custom_42a97167 us_animate_this iconpos_top style_circle color_custom align_center\" id=\"iconocontacto\"><a href=\"https:\/\/maps.app.goo.gl\/FgjDEQLEwxyfeKgU9\" class=\"w-iconbox-link\" aria-label=\"Vis\u00edtanos en Nuestra Sucursal\"><div class=\"w-iconbox-icon\" style=\"font-size:30px;--icon-color:var(--color-header-middle-bg);--icon-bg-color:var(--color-content-primary);\"><i class=\"fas fa-map-marker-alt\"><\/i><\/div><\/a><div class=\"w-iconbox-meta\"><a href=\"https:\/\/maps.app.goo.gl\/FgjDEQLEwxyfeKgU9\" class=\"w-iconbox-link\" aria-label=\"Vis\u00edtanos en Nuestra Sucursal\"><h6 class=\"w-iconbox-title\" style=\"font-size:16px;\">Vis\u00edtanos en Nuestra Sucursal<\/h6><\/a><div class=\"w-iconbox-text\"><p>Lirqu\u00e9n #7861, La Granja, Santiago &#8211; Chile<\/p>\n<\/div><\/div><\/div><\/div><\/div><\/div><div class=\"vc_col-sm-4 wpb_column vc_column_container\"><div class=\"vc_column-inner\"><div class=\"wpb_wrapper\"><div class=\"w-iconbox us_custom_42a97167 us_animate_this iconpos_top style_circle color_custom align_center\" id=\"iconocontacto\"><div class=\"w-iconbox-icon\" style=\"font-size:30px;--icon-color:var(--color-header-middle-bg);--icon-bg-color:var(--color-content-primary);\"><i class=\"fas fa-phone-alt\"><\/i><\/div><div class=\"w-iconbox-meta\"><h6 class=\"w-iconbox-title\" style=\"font-size:15px;\">Ll\u00e1manos<\/h6><div class=\"w-iconbox-text\"><p><a href=\"tel:+56 9 5134 7555\"><span>+56 9 5134 7555<\/span><\/a><br \/>\n<a href=\"tel:+56 2 3305 3085\"><span>+56 2 3305 3085<\/span><\/a><\/p>\n<\/div><\/div><\/div><\/div><\/div><\/div><div class=\"vc_col-sm-4 wpb_column vc_column_container\"><div class=\"vc_column-inner\"><div class=\"wpb_wrapper\"><div class=\"w-iconbox us_custom_42a97167 us_animate_this iconpos_top style_circle color_custom align_center\" id=\"iconocontacto\"><a href=\"https:\/\/api.whatsapp.com\/send?phone=56999046487\" class=\"w-iconbox-link\" aria-label=\"Escr\u00edbenos\"><div class=\"w-iconbox-icon\" style=\"font-size:30px;--icon-color:var(--color-header-middle-bg);--icon-bg-color:var(--color-content-primary);\"><i class=\"fab fa-whatsapp\"><\/i><\/div><\/a><div class=\"w-iconbox-meta\"><a href=\"https:\/\/api.whatsapp.com\/send?phone=56999046487\" class=\"w-iconbox-link\" aria-label=\"Escr\u00edbenos\"><h6 class=\"w-iconbox-title\" style=\"font-size:16px;\">Escr\u00edbenos<\/h6><\/a><div class=\"w-iconbox-text\"><p><a href=\"https:\/\/api.whatsapp.com\/send?phone=56999046487\">+56 9 9904 6487<\/a><\/p>\n<\/div><\/div><\/div><\/div><\/div><\/div><\/div><div class=\"w-separator size_medium\"><\/div><\/div><\/div><\/div><div class=\"vc_col-sm-2\/5 wpb_column vc_column_container\"><div class=\"vc_column-inner\"><div class=\"wpb_wrapper\"><div class=\"w-html\"><iframe src=\"https:\/\/www.google.com\/maps\/embed?pb=!1m18!1m12!1m3!1d3949.5726216538624!2d-70.62316931220711!3d-33.52853240466603!2m3!1f0!2f0!3f0!3m2!1i1024!2i768!4f13.1!3m3!1m2!1s0x9662d080f3d0a2ed%3A0xbba6f06b42b61302!2sLirqu%C3%A9n%207861%2C%208780646%20La%20Granja%2C%20Regi%C3%B3n%20Metropolitana%2C%20Chile!5e1!3m2!1ses-419!2sus!4v1765471206188!5m2!1ses-419!2sus\" width=\"500\" height=\"700\" style=\"border:0;\" allowfullscreen=\"\" loading=\"lazy\" referrerpolicy=\"no-referrer-when-downgrade\"><\/iframe><\/div><\/div><\/div><\/div><div class=\"vc_col-sm-3\/5 wpb_column vc_column_container\"><div class=\"vc_column-inner\"><div class=\"wpb_wrapper\"><h3 class=\"w-text us_custom_58b1af09\"><span class=\"w-text-h\"><span class=\"w-text-value\">Formulario contacto<\/span><\/span><\/h3><div class=\"w-separator size_custom\" style=\"height:20px\"><\/div>\n<div class=\"wpcf7 no-js us_custom_6745946f has_text_color\" id=\"wpcf7-f21428-o1\" lang=\"es-ES\" dir=\"ltr\" data-wpcf7-id=\"21428\">\n<div class=\"screen-reader-response\"><p role=\"status\" aria-live=\"polite\" aria-atomic=\"true\"><\/p> <ul><\/ul><\/div>\n<form action=\"\/index.php\/wp-json\/wp\/v2\/pages\/21425#wpcf7-f21428-o1\" method=\"post\" class=\"wpcf7-form init\" aria-label=\"Formulario de contacto\" novalidate=\"novalidate\" data-status=\"init\">\n<fieldset class=\"hidden-fields-container\"><input type=\"hidden\" name=\"_wpcf7\" value=\"21428\" \/><input type=\"hidden\" name=\"_wpcf7_version\" value=\"6.1.4\" \/><input type=\"hidden\" name=\"_wpcf7_locale\" value=\"es_ES\" \/><input type=\"hidden\" name=\"_wpcf7_unit_tag\" value=\"wpcf7-f21428-o1\" \/><input type=\"hidden\" name=\"_wpcf7_container_post\" value=\"0\" \/><input type=\"hidden\" name=\"_wpcf7_posted_data_hash\" value=\"\" \/><input type=\"hidden\" name=\"_wpcf7_recaptcha_response\" value=\"\" \/>\n<\/fieldset>\n<div id=\"responsive-form\" class=\"clearfix\">\n\t<div class=\"form-row\">\n\t\t<div class=\"column-half\">\n\t\t\t<p>*Nombre <span class=\"wpcf7-form-control-wrap\" data-name=\"your-name\"><input size=\"40\" maxlength=\"400\" class=\"wpcf7-form-control wpcf7-text wpcf7-validates-as-required\" aria-required=\"true\" aria-invalid=\"false\" value=\"\" type=\"text\" name=\"your-name\" \/><\/span>\n\t\t\t<\/p>\n\t\t<\/div>\n\t\t<div class=\"column-half\">\n\t\t\t<p>*Email <span class=\"wpcf7-form-control-wrap\" data-name=\"your-email\"><input size=\"40\" maxlength=\"400\" class=\"wpcf7-form-control wpcf7-email wpcf7-validates-as-required wpcf7-text wpcf7-validates-as-email\" aria-required=\"true\" aria-invalid=\"false\" value=\"\" type=\"email\" name=\"your-email\" \/><\/span>\n\t\t\t<\/p>\n\t\t<\/div>\n\t<\/div>\n\t<div class=\"form-row\">\n\t\t<div class=\"column-half\">\n\t\t\t<p>*Tel\u00e9fono <span class=\"wpcf7-form-control-wrap\" data-name=\"telefono\"><input size=\"40\" maxlength=\"400\" class=\"wpcf7-form-control wpcf7-tel wpcf7-validates-as-required wpcf7-text wpcf7-validates-as-tel\" aria-required=\"true\" aria-invalid=\"false\" value=\"\" type=\"tel\" name=\"telefono\" \/><\/span>\n\t\t\t<\/p>\n\t\t<\/div>\n\t\t<div class=\"column-half\">\n\t\t\t<p>*Asunto <span class=\"wpcf7-form-control-wrap\" data-name=\"your-subject\"><input size=\"40\" maxlength=\"400\" class=\"wpcf7-form-control wpcf7-text wpcf7-validates-as-required\" aria-required=\"true\" aria-invalid=\"false\" value=\"\" type=\"text\" name=\"your-subject\" \/><\/span>\n\t\t\t<\/p>\n\t\t<\/div>\n\t<\/div>\n\t<div class=\"form-row\">\n\t\t<div class=\"column-full\">\n\t\t\t<p>Mensaje (Opcional)<span class=\"wpcf7-form-control-wrap\" data-name=\"your-message\"><textarea cols=\"40\" rows=\"10\" maxlength=\"2000\" class=\"wpcf7-form-control wpcf7-textarea\" aria-invalid=\"false\" name=\"your-message\"><\/textarea><\/span>\n\t\t\t<\/p>\n\t\t<\/div>\n\t<\/div>\n\t<div class=\"form-row\">\n\t\t<div class=\"column-full\">\n\t\t\t<p><input class=\"wpcf7-form-control wpcf7-submit has-spinner\" type=\"submit\" value=\"Enviar\" \/>\n\t\t\t<\/p>\n\t\t<\/div>\n\t<\/div>\n<\/div><div class=\"wpcf7-response-output\" aria-hidden=\"true\"><\/div>\n<\/form>\n<\/div>\n<\/div><\/div><\/div><\/div><\/div><\/section>\n","protected":false},"excerpt":{"rendered":"Nuestro equipo de expertos en HIDROKAM est\u00e1 aqu\u00ed para brindarte una experiencia \u00fanica y personalizada.Puedes comunicarte con nosotros de diversas maneras:Vis\u00edtanos en Nuestra SucursalLirqu\u00e9n #7861, La Granja, Santiago - Chile Ll\u00e1manos+56 9 5134 7555 +56 2 3305 3085 Escr\u00edbenos+56 9 9904 6487 Formulario contacto *Nombre *Email *Tel\u00e9fono *Asunto Mensaje (Opcional)","protected":false},"author":70,"featured_media":0,"parent":0,"menu_order":0,"comment_status":"closed","ping_status":"closed","template":"","meta":{"_joinchat":[],"footnotes":""},"class_list":["post-21425","page","type-page","status-publish","hentry"],"_links":{"self":[{"href":"https:\/\/sitioprueba3.starclick.cl\/index.php\/wp-json\/wp\/v2\/pages\/21425","targetHints":{"allow":["GET"]}}],"collection":[{"href":"https:\/\/sitioprueba3.starclick.cl\/index.php\/wp-json\/wp\/v2\/pages"}],"about":[{"href":"https:\/\/sitioprueba3.starclick.cl\/index.php\/wp-json\/wp\/v2\/types\/page"}],"author":[{"embeddable":true,"href":"https:\/\/sitioprueba3.starclick.cl\/index.php\/wp-json\/wp\/v2\/users\/70"}],"replies":[{"embeddable":true,"href":"https:\/\/sitioprueba3.starclick.cl\/index.php\/wp-json\/wp\/v2\/comments?post=21425"}],"version-history":[{"count":45,"href":"https:\/\/sitioprueba3.starclick.cl\/index.php\/wp-json\/wp\/v2\/pages\/21425\/revisions"}],"predecessor-version":[{"id":22711,"href":"https:\/\/sitioprueba3.starclick.cl\/index.php\/wp-json\/wp\/v2\/pages\/21425\/revisions\/22711"}],"wp:attachment":[{"href":"https:\/\/sitioprueba3.starclick.cl\/index.php\/wp-json\/wp\/v2\/media?parent=21425"}],"curies":[{"name":"wp","href":"https:\/\/api.w.org\/{rel}","templated":true}]}}