{"id":22643,"date":"2025-12-10T17:56:47","date_gmt":"2025-12-10T20:56:47","guid":{"rendered":"https:\/\/sitioprueba3.starclick.cl\/?post_type=product&#038;p=22643"},"modified":"2025-12-10T17:56:47","modified_gmt":"2025-12-10T20:56:47","slug":"bomba-de-pozo-pedrollo-4sr-12-12-p-hidraulica","status":"publish","type":"product","link":"https:\/\/sitioprueba3.starclick.cl\/index.php\/producto\/bomba-de-pozo-pedrollo-4sr-12-12-p-hidraulica\/","title":{"rendered":"BOMBA DE POZO PEDROLLO 4SR 12\/12 P. HIDR\u00c1ULICA"},"content":{"rendered":"<section class=\"l-section wpb_row us_custom_f8b9c3e0 height_large\"><div class=\"l-section-h i-cf\"><div class=\"g-cols vc_row via_flex valign_top type_default stacking_default\"><div class=\"vc_col-sm-12 wpb_column vc_column_container\"><div class=\"vc_column-inner\"><div class=\"wpb_wrapper\"><div class=\"w-tabs us_custom_3188818e layout_hor style_radio3 switch_click has_scrolling\" style=\"--sections-title-size:1em\"><div class=\"w-tabs-list items_2 align_none\"><div class=\"w-tabs-list-h\"><button class=\"w-tabs-item active\" aria-controls=\"content-recd\" aria-expanded=\"false\"><span class=\"w-tabs-item-title\">Descripci\u00f3n<\/span><\/button><button class=\"w-tabs-item\" aria-controls=\"content-j373\" aria-expanded=\"false\"><span class=\"w-tabs-item-title\">Ficha T\u00e9cnica<\/span><\/button><\/div><\/div><div class=\"w-tabs-sections titles-align_none icon_chevron cpos_right\"><div class=\"w-tabs-section active\" id=\"recd\"><button class=\"w-tabs-section-header active\" aria-controls=\"content-recd\" aria-expanded=\"true\"><div class=\"w-tabs-section-title\">Descripci\u00f3n<\/div><div class=\"w-tabs-section-control\"><\/div><\/button><div  class=\"w-tabs-section-content\" id=\"content-recd\"><div class=\"w-tabs-section-content-h i-cf\"><div class=\"wpb_text_column\"><div class=\"wpb_wrapper\"><ul>\n<li><span>Certificaci\u00f3n: Curvas certificadas ISO 9906<\/span><\/li>\n<li><span><\/span>Di\u00e1metro: 2\u2032<\/li>\n<li>Eficiencia energ\u00e9tica: S\u00cd<\/li>\n<li>Garant\u00eda Producto: 2 a\u00f1os<\/li>\n<li>HP: 4<\/li>\n<li>Modelo \/ Descripci\u00f3n: 4SR12-12<\/li>\n<\/ul>\n<\/div><\/div><\/div><\/div><\/div><div class=\"w-tabs-section\" id=\"j373\"><button class=\"w-tabs-section-header\" aria-controls=\"content-j373\" aria-expanded=\"false\"><div class=\"w-tabs-section-title\">Ficha T\u00e9cnica<\/div><div class=\"w-tabs-section-control\"><\/div><\/button><div  class=\"w-tabs-section-content\" id=\"content-j373\"><div class=\"w-tabs-section-content-h i-cf\"><div class=\"w-btn-wrapper align_none\"><a class=\"w-btn us-btn-style_1 icon_atleft\" target=\"_blank\" href=\"\/wp-content\/uploads\/2025\/12\/ficha-tecnica-1_23012020095302-1.pdf\"><i class=\"fas fa-file-pdf\"><\/i><span class=\"w-btn-label\">DESCARGAR<\/span><\/a><\/div><\/div><\/div><\/div><\/div><\/div><\/div><\/div><\/div><\/div><\/div><\/section>\n","protected":false},"excerpt":{"rendered":"<p>Se recomienda para bombear agua limpia con contenido de arena no superior a 150 g\/m\u00b3. Debido al alto rendimiento y fiabilidad, son aptas para usos en el campo dom\u00e9stico, civil e industrial, para la distribuci\u00f3n del agua en acoplamiento con autoclaves, riegos, instalaciones de lavado, aumento de presi\u00f3n para instalaciones antiincendio, etc.<\/p>\n","protected":false},"featured_media":22644,"comment_status":"open","ping_status":"closed","template":"","meta":{"_joinchat":[]},"product_brand":[],"product_cat":[3456,15],"product_tag":[],"class_list":{"0":"post-22643","1":"product","2":"type-product","3":"status-publish","4":"has-post-thumbnail","6":"product_cat-pozo","7":"product_cat-bombas-de-agua","9":"first","10":"instock","11":"purchasable","12":"product-type-simple"},"_links":{"self":[{"href":"https:\/\/sitioprueba3.starclick.cl\/index.php\/wp-json\/wp\/v2\/product\/22643","targetHints":{"allow":["GET"]}}],"collection":[{"href":"https:\/\/sitioprueba3.starclick.cl\/index.php\/wp-json\/wp\/v2\/product"}],"about":[{"href":"https:\/\/sitioprueba3.starclick.cl\/index.php\/wp-json\/wp\/v2\/types\/product"}],"replies":[{"embeddable":true,"href":"https:\/\/sitioprueba3.starclick.cl\/index.php\/wp-json\/wp\/v2\/comments?post=22643"}],"wp:featuredmedia":[{"embeddable":true,"href":"https:\/\/sitioprueba3.starclick.cl\/index.php\/wp-json\/wp\/v2\/media\/22644"}],"wp:attachment":[{"href":"https:\/\/sitioprueba3.starclick.cl\/index.php\/wp-json\/wp\/v2\/media?parent=22643"}],"wp:term":[{"taxonomy":"product_brand","embeddable":true,"href":"https:\/\/sitioprueba3.starclick.cl\/index.php\/wp-json\/wp\/v2\/product_brand?post=22643"},{"taxonomy":"product_cat","embeddable":true,"href":"https:\/\/sitioprueba3.starclick.cl\/index.php\/wp-json\/wp\/v2\/product_cat?post=22643"},{"taxonomy":"product_tag","embeddable":true,"href":"https:\/\/sitioprueba3.starclick.cl\/index.php\/wp-json\/wp\/v2\/product_tag?post=22643"}],"curies":[{"name":"wp","href":"https:\/\/api.w.org\/{rel}","templated":true}]}}